9482?
False
Is 290841 a multiple of 140?
False
Does 8 divide 112832?
True
Is 333837 a multiple of 441?
True
Is 2528630 a multiple of 10?
True
Is 439934 a multiple of 346?
False
Is 12589533 a multiple of 1843?
True
Is 122 a factor of 294278?
False
Is 6 a factor of 8022?
True
Is 13 a factor of 154375?
True
Does 133 divide 44303?
False
Is 10 a factor of 305570?
True
Is 40 a factor of 89520?
True
Is 15067611 a multiple of 13?
True
Does 149 divide 221563?
True
Is 44 a factor of 25432?
True
Is 249986 a multiple of 16?
False
Is 14990807 a multiple of 361?
False
Is 22 a factor of 125186?
False
Is 1160821 a multiple of 363?
False
Does 277 divide 3084339?
False
Is 925622 a multiple of 24?
False
Is 1921890 a multiple of 10?
True
Is 36 a factor of 4045?
False
Is 4 a factor of 49124?
True
Is 10530 a multiple of 162?
True
Does 34 divide 33610?
False
Is 141715 a multiple of 18?
False
Is 232908 a multiple of 52?
True
Is 304881 a multiple of 16?
False
Is 105 a factor of 32579?
False
Is 80677 a multiple of 73?
False
Does 5 divide 5499861?
False
Does 12 divide 273067?
False
Does 34 divide 21903?
False
Does 14 divide 368468?
False
Is 928836 a multiple of 36?
True
Is 2441 a factor of 22620747?
True
Does 42 divide 79331?
False
Is 129225 a multiple of 148?
False
Is 44 a factor of 214061?
False
Is 63 a factor of 3845772?
True
Is 551 a factor of 1511011?
False
Is 203 a factor of 3393848?
False
Does 23 divide 7782?
False
Is 3331566 a multiple of 63?
True
Is 1216 a factor of 5222799?
False
Does 33 divide 81576?
True
Is 228020 a multiple of 17?
False
Is 241026 a multiple of 278?
True
Is 37 a factor of 2073301?
False
Does 757 divide 4772128?
True
Is 395 a factor of 93182?
False
Is 220 a factor of 23907?
False
Is 391659 a multiple of 16?
False
Is 30184 a multiple of 7?
True
Is 80828 a multiple of 167?
True
Is 1525 a factor of 6775575?
True
Is 111368 a multiple of 8?
True
Does 591 divide 1222767?
False
Is 771545 a multiple of 139?
False
Is 93 a factor of 204956?
False
Is 4525560 a multiple of 45?
True
Does 14 divide 411581?
False
Is 152968 a multiple of 3?
False
Is 101 a factor of 60746?
False
Is 13 a factor of 15464785?
False
Is 13 a factor of 228020?
True
Is 555527 a multiple of 12?
False
Is 39 a factor of 3471?
True
Does 277 divide 608846?
True
Does 57 divide 150361?
False
Does 25 divide 2443650?
True
Is 299 a factor of 924209?
True
Does 1120 divide 2147791?
False
Does 7 divide 102184?
False
Does 89 divide 450607?
True
Is 48 a factor of 22304?
False
Does 199 divide 911820?
False
Does 82 divide 2278881?
False
Is 255 a factor of 161670?
True
Does 214 divide 1485804?
False
Is 429708 a multiple of 7?
False
Is 347016 a multiple of 152?
True
Is 19 a factor of 358420?
False
Is 6 a factor of 47814?
True
Is 315 a factor of 4342275?
True
Is 111 a factor of 36297?
True
Does 616 divide 4340216?
False
Is 751107 a multiple of 12?
False
Is 474 a factor of 572798?
False
Does 5 divide 50731?
False
Is 94637 a multiple of 13?
False
Does 111 divide 980646?
False
Is 349 a factor of 72592?
True
Is 6090476 a multiple of 28?
True
Is 16671020 a multiple of 1262?
True
Is 2069970 a multiple of 1230?
False
Does 655 divide 495180?
True
Is 253206 a multiple of 521?
True
Is 1247292 a multiple of 12?
True
Does 23 divide 32913?
True
Is 679656 a multiple of 24?
True
Is 76 a factor of 1473336?
True
Is 26126267 a multiple of 665?
False
Does 477 divide 4476645?
True
Is 1827168 a multiple of 16?
True
Does 13 divide 200837?
True
Does 194 divide 327666?
True
Does 141 divide 279051?
False
Does 66 divide 68777?
False
Does 711 divide 4416605?
False
Is 4 a factor of 129640?
True
Does 10 divide 2047375?
False
Is 3 a factor of 4799113?
False
Does 19 divide 638419?
True
Is 10 a factor of 2026790?
True
Is 17 a factor of 29610?
False
Is 10 a factor of 30510?
True
Is 23 a factor of 2825075?
False
Is 20 a factor of 473933?
False
Is 280830 a multiple of 329?
False
Does 14 divide 112723?
False
Is 758685 a multiple of 111?
True
Is 558054 a multiple of 43?
True
Does 446 divide 1187252?
True
Is 27647 a multiple of 621?
False
Is 537210 a multiple of 15?
True
Does 124 divide 13020?
True
Is 252 a factor of 67967?
False
Does 11 divide 3047349?
False
Does 234 divide 189330?
False
Does 8 divide 303404?
False
Is 234 a factor of 3643614?
True
Is 1036 a factor of 843881?
False
Does 80 divide 275633?
False
Is 2403026 even?
True
Does 543 divide 1399489?
False
Is 2839626 a multiple of 57?
True
Does 101 divide 99687?
True
Does 14 divide 148853?
False
Is 936369 a multiple of 89?
True
Does 114 divide 3433?
False
Is 912870 a multiple of 23?
True
Does 7 divide 55099?
False
Is 515 a factor of 684283?
False
Is 23 a factor of 277702?
True
Does 48 divide 605929?
False
Is 17092152 a multiple of 792?
True
Does 3 divide 71789?
False
Does 45 divide 9956?
False
Is 89984 a multiple of 556?
False
Does 59 divide 3846805?
False
Is 678445 a multiple of 235?
True
Is 30685 a multiple of 78?
False
Is 76 a factor of 86564?
True
Does 3 divide 4901?
False
Does 246 divide 1988910?
True
Does 159 divide 904589?
False
Is 12 a factor of 155592?
True
Is 101 a factor of 900578?
False
Does 379 divide 176235?
True
Does 36 divide 54576?
True
Is 9 a factor of 54545?
False
Is 19 a factor of 316829?
False
Is 101032 a multiple of 146?
True
Is 58 a factor of 78010?
True
Does 3 divide 904498?
False
Does 154 divide 726418?
True
Does 15 divide 329214?
False
Does 325 divide 45825?
True
Is 38 a factor of 201745?
False
Does 16 divide 106224?
True
Is 1167831 a multiple of 333?
True
Does 19 divide 78590?
False
Is 286572 a multiple of 22?
True
Does 23 divide 521681?
False
Is 74 a factor of 462909?
False
Is 211869 a multiple of 133?
True
Is 176296 a multiple of 245?
False
Is 674518 a multiple of 26?
True
Is 158 a factor of 495646?
True
Is 16621163 a multiple of 13?
True
Does 40 divide 570480?
True
Does 70 divide 382340?
True
Is 44 a factor of 215380?
True
Does 61 divide 324581?
True
Does 115 divide 239528?
False
Is 12 a factor of 676140?
True
Is 2451876 a multiple of 4?
True
Is 795088 a multiple of 68?
False
Is 80 a factor of 172640?
True
Does 397 divide 126643?
True
Is 3 a factor of 1866232?
False
Does 31 divide 18011?
True
Is 13104334 a multiple of 125?
False
Does 66 divide 2984895?
False
Is 38 a factor of 250230?
True
Is 122 a factor of 2743696?
False
Does 8 divide 103155?
False
Does 32 divide 40928?
True
Does 19 divide 49899?
False
Does 14 divide 9172301?
False
Does 953 divide 8091888?
False
Is 179009 a multiple of 181?
True
Is 2522778 a multiple of 909?
False
Is 1246995 a multiple of 81?
True
Is 10 a factor of 592834?
False
Is 1598 a factor of 1016213?
False
Does 330 divide 4161960?
True
Is 795594 a multiple of 97?
True
Is 1096320 a multiple of 30?
True
Is 84793 a multiple of 14?
False
Is 32439 a multiple of 10?
False
Is 69117 a multiple of 36?
False
Is 517989 a multiple of 2?
False
Is 229 a factor of 5967969?
True
Is 232001 a multiple of 410?
False
Is 10 a factor of 149449?
False
Is 12949371 a multiple of 5?
False
Is 90 a factor of 353340?
True
Is 16 a factor of 63120?
True
Is 2727455 a multiple of 450?
False
Does 50 divide 159689?
False
Is 1403644 a multiple of 292?
True
Is 48 a factor of 718782?
False
Does 11 divide 124267?
True
Is 2680 a multiple of 25?
False
Is 24 a factor of 1510471?
False
Is 7035 a multiple of 335?
True
Is 74 a factor of 491360?
True
Does 56 divide 133672?
True
Is 214 a factor of 128828?
True
Is 1073 a factor of 344433?
True
Does 121 divide 1900910?
True
Does 234 divide 286933?
False
Does 43 divide 484137?
True
Is 14 a factor of 246806?
True
Is 119 a factor of 1552831?
True
Does 7 divide 767837?
True
Is 86435 a multiple of 82?
False
Does 245 divide 770770?
True
Is 46625 a multiple of 248?
False
Does 33 divide 31944472?
False
Is 4001580 a multiple of 47?
True
Does 66 divide 479912?
False
Does 22 divide 8760530?
False
Is 18090162 a multiple of 66?
False
Does 572 divide 8177798?
False
Is 792261 a multiple of 66?
False
Is 313803 a multiple of 9?
True
Does 155 divide 1324010?
True
Is 254 a factor of 300228?
True
Is 1198 a factor of 8213488?
True
Is 191565 even?
False
Is 61126 a multiple of 26?
True
Is 2006907 a multiple of 5?
False
Is 312888 a multiple of 217?
False
Does 187 divide 2084676?
True
Is 84352 a multiple of 64?
True
Is 23 a factor of 2291588?
Fals